u**3 + 10*u**2 - 8*u - 6. Calculate d(-4).
-6
Let y(t) = 3*t + 86. Determine y(-5).
71
Let m(y) = -y**3 + y + 15. What is m(0)?
15
Let p(u) = u**3 + u**2 - 28*u + 54. Determine p(2).
10
Let f(z) = z**2 + 4*z - 3. Give f(2).
9
Let k(r) = 3*r + 10. Determine k(-5).
-5
Let d(r) = 10*r + 15. What is d(4)?
55
Let i(o) = -o**2 + 118*o - 1544. Determine i(15).
1
Let y(x) = -4*x - 9. Calculate y(-3).
3
Let k(v) = v**3 - 3*v**2 + 2*v - 3. Calculate k(3).
3
Let z(r) = -14*r + 8. Determine z(5).
-62
Let k(a) = 3*a + 13. Determine k(-7).
-8
Let q(j) = -j + 37. What is q(25)?
12
Let s(r) = r**2 + 54*r + 286. Determine s(-48).
-2
Let o(j) = -j**2 - 13*j - 1. Give o(-12).
11
Let w(l) = l**2 + l + 2. Give w(4).
22
Let j(g) = -2*g**2 + g - 59. Give j(0).
-59
Let s(v) = -35*v + 119. What is s(3)?
14
Let y(j) = -j + 96. Give y(0).
96
Let c(h) = 37*h**2 - 3*h. Determine c(1).
34
Let j(v) = -v**2 - 5*v + 11. Calculate j(-9).
-25
Let k(b) = 9*b - 13. Calculate k(2).
5
Let h(f) = f**3 + 14*f**2 + 22*f - 18. What is h(-12)?
6
Let y(w) = 2*w**2 + 24*w + 38. What is y(-10)?
-2
Let q(d) = -13*d**3 + d**2. What is q(1)?
-12
Let b(s) = -s**3 - 11*s**2 + s + 12. Calculate b(-11).
1
Let z(o) = 2*o**2 - 10*o - 14. Determine z(6).
-2
Let m(h) = -2*h**3 + 3*h**2 - 7*h - 22. Calculate m(-4).
182
Let r(z) = -z**3 - z**2 + 3*z + 5. What is r(-1)?
2
Let r(h) = -30*h + 234. Give r(8).
-6
Let p(h) = -h**2 - 20*h + 4. Determine p(-20).
4
Let z(c) = 10*c - 152. Calculate z(16).
8
Let r(w) = w + 5. What is r(-12)?
-7
Let a(q) = 2*q**2 - 19*q + 3. Give a(9).
-6
Let m(a) = a**3 + 13*a**2 + 12*a - 8. Determine m(-12).
-8
Let p(t) = t**3 + 16*t**2 - 2. Give p(-16).
-2
Let x(j) = j**3 - 4*j**2 + 3*j + 14. Determine x(6).
104
Let o(g) = -4*g**2 + 6*g + 80. Calculate o(-5).
-50
Let h(s) = -2*s**3 - 29*s**2 + 20*s + 81. Calculate h(-15).
6
Let p(i) = -27*i - 156. Calculate p(-6).
6
Let c(q) = -2*q**2 + 65*q - 97. Calculate c(31).
-4
Let a(j) = 8*j + 62. Calculate a(-10).
-18
Let d(w) = -6*w**2 - 7*w - 9. Give d(-3).
-42
Let s(d) = -15*d + 1. Calculate s(1).
-14
Let z(v) = 10*v - 54. Determine z(7).
16
Let u(j) = -j - 26. What is u(-27)?
1
Let x(p) = -p**3 + 11*p**2 - 34*p + 90. Determine x(8).
10
Let n(q) = q**3 + 30*q**2 + 25*q - 114. Give n(-29).
2
Let s(o) = o**2 - 5*o - 25. Give s(-3).
-1
Let v(n) = 3*n**2 + 15*n + 1. Determine v(-4).
-11
Let d(t) = -19*t - 3. Calculate d(3).
-60
Let q(f) = 6*f - 4. What is q(2)?
8
Let p(k) = k**3 - 4*k**2 - 12*k - 7. What is p(6)?
-7
Let l(z) = 18*z - 20. Calculate l(-5).
-110
Let r(s) = 2*s**2 - 28*s - 28. Calculate r(15).
2
Let j(l) = -l**3 + 38*l**2 - 69*l - 80. What is j(36)?
28
Let n(m) = -10*m + 2. Calculate n(-2).
22
Let j(z) = -13*z**2 + 121*z - 19. Give j(9).
17
Let z(p) = 2*p - 28. What is z(18)?
8
Let n(g) = -g**2 + 8*g + 11. What is n(7)?
18
Let s(a) = -6*a - 3. What is s(4)?
-27
Let n(g) = -6*g - 72. Calculate n(-12).
0
Let v(j) = j**3 - 6*j**2 - j + 3. Give v(4).
-33
Let n(g) = -6*g + 63. Determine n(15).
-27
Let k(q) = 5*q + 17. What is k(-7)?
-18
Let n(z) = -z**3 + 9*z**2 - 2*z - 91. Give n(7).
-7
Let y(s) = 32*s - 97. Give y(3).
-1
Let i(c) = -12*c - 72. Calculate i(-7).
12
Let c(m) = m**3 + 3*m**2 + m + 13. Calculate c(-4).
-7
Let l(n) = n**3 + 8*n**2 + n. What is l(-8)?
-8
Let x(u) = 2*u**3 - 13*u**2 + 10*u + 17. Give x(6).
41
Let r(v) = 14*v**2 - 2*v + 1. Calculate r(1).
13
Let z(v) = -3*v - 51. Calculate z(-17).
0
Let z(r) = -r - 31. Determine z(15).
-46
Let m(z) = -z**3 + 7*z**2 - 4*z. Determine m(5).
30
Let g(v) = -29*v**2 - 1. Give g(-1).
-30
Let c(b) = b**3 + 8*b**2 - 9*b - 15. What is c(-8)?
57
Let p(q) = q - 3. Determine p(-12).
-15
Let j(z) = -11*z**2 - 45*z + 1. Give j(-4).
5
Let d(s) = -6*s**2 - s + 3. Calculate d(1).
-4
Let s(x) = -37*x + 2. What is s(-1)?
39
Let q(a) = 2*a**2 + 28*a + 83. Calculate q(-10).
3
Let j(a) = 142*a - 439. What is j(3)?
-13
Let d(c) = -5*c**2 - 30*c - 31. Give d(-5).
-6
Let v(j) = 4*j**2 - 10*j. Determine v(3).
6
Let p(x) = x**2 - 17*x + 6. Give p(13).
-46
Let s(r) = 47*r - 144. Give s(3).
-3
Let l(q) = -2*q**3 + 2*q**2 + 3*q - 4. Determine l(2).
-6
Let m(h) = -h**3 - 24*h**2 - 22*h + 37. Calculate m(-23).
14
Let o(m) = m**3 + 14*m**2 - 16*m - 20. Calculate o(-15).
-5
Let t(p) = 71*p**2 - 8*p + 7. Give t(1).
70
Let r(f) = -84*f + 579. What is r(7)?
-9
Let l(f) = -f**2 + 19*f + 19. Give l(18).
37
Let r(g) = g**3 - 20*g**2 - 67*g - 47. Determine r(23).
-1
Let z(c) = -5*c + 4. What is z(-5)?
29
Let v(x) = -x**3 + 4*x**2 + 3*x - 2. Determine v(4).
10
Let g(r) = -r**2 - 12*r + 21. Give g(-13).
8
Let f(x) = x**2 + 23. Calculate f(0).
23
Let v(b) = 2*b + 25. Calculate v(-9).
7
Let t(z) = -z**3 - 32*z**2 - 2*z - 52. Determine t(-32).
12
Let h(y) = y**3 + 6*y**2 - 2*y. Calculate h(-3).
33
Let d(u) = u**3 - 6*u**2 - 7*u + 1. Give d(7).
1
Let o(w) = -20*w - 19. What is o(-1)?
1
Let j(r) = r**3 + 36*r - 12. What is j(0)?
-12
Let l(j) = -2*j**3 + 2*j**2 - 10*j + 18. Determine l(2).
-10
Let o(x) = 66*x - 397. Give o(6).
-1
Let v(n) = n**2 - n - 2. Determine v(2).
0
Let k(n) = 15*n**3 - n**2. Calculate k(1).
14
Let s(w) = -27*w + 1815. Determine s(67).
6
Let r(b) = -8*b - 8. Calculate r(-10).
72
Let u(w) = -4*w + 11. What is u(6)?
-13
Let b(c) = -5*c**2 - 50*c. What is b(-10)?
0
Let i(b) = -5*b + 6. Determine i(-3).
21
Let p(r) = -r**2 - 11*r - 10. What is p(-7)?
18
Let g(m) = 2*m**2 - 2*m + 5. Calculate g(-3).
29
Let j(g) = 25*g + 7. Calculate j(3).
82
Let w(h) = h**3 + h**2 + h + 17. Give w(0).
17
Let f(i) = 3*i + 53. Calculate f(20).
113
Let y(w) = w**3 - 9*w**2 + 8*w + 33. What is y(7)?
-9
Let b(s) = 2*s**2. Determine b(1).
2
Let p(a) = 135*a - 679. What is p(5)?
-4
Let s(t) = -t + 33. What is s(13)?
20
Let w(c) = 4*c**2 + 7*c + 4. What is w(-4)?
40
Let m(n) = n**2 + 4*n + 5. What is m(-2)?
1
Let j(f) = 23*f**2 - f + 2. What is j(-2)?
96
Let s(g) = 35*g - 205. Calculate s(6).
5
Let n(z) = -z**2 - 7*z - 2. Determine n(-7).
-2
Let j(l) = 15*l - 3. What is j(-4)?
-63
Let s(z) = -z**3 + 10*z**2 + 6*z + 19. What is s(10)?
79
Let v(q) = 5*q**2 - 35*q - 3. Determine v(8).
37
Let m(w) = -12*w**3 - 2*w**2 + 4*w - 3. Give m(1).
-13
Let r(u) = 11*u - 94. Determine r(6).
-28
Let o(w) = w**2 + 13*w + 29. What is o(-11)?
7
Let t(r) = -2*r**2 - 23*r + 17. What is t(-14)?
-53
Let i(b) = -29*b - 1279. What is i(-44)?
-3
Let d(h) = 2*h**3 - 15*h**2 - 10*h + 15. Calculate d(8).
-1
Let w(a) = -a**2 + 15*a + 19. What is w(-2)?
-15
Let d(t) = -17*t + 22. What is d(3)?
-29
Let g(d) = 6*d + 33. Calculate g(-9).
-21
Let h(b) = -b**3 - 2*b**2 + 3*b - 33. What is h(0)?
-33
Let i(b) = -b**3 - 20*b**2 + 17*b - 56. Give i(-21).
28
Let a(g) = g**3 - 14*g**2 - 33*g - 51. Give a(16).
-67
Let k(x) = -37*x - 297. Give k(-8).
-1
Let y(c) = c**3 + 2*c**2 - c + 15. Determine y(0).
15
Let o(f) = f**3 - 4. Determine o(0).
-4
Let w(b) = b**3 - 6*b**2 + 13*b - 93. Give w(6).
-15
Let m(i) = -i**3 + 17*i**2 + 17*i + 22. Determine m(18).
4
Let m(j) = -j**2 - j - 11. Calculate m(-5).
-31
Let o(s) = -s**3 - 29*s**2 + 26*s - 126. What is o(-30)?
-6
Let l(o) = -2*o**2 + 16*o - 3. Determine l(8).
-3
Let w(c) = -c**3 + 17*c**2 - 17*c + 24. What is w(16)?
8
Let i(p) = p**3 - 9*p**2 + 2*p - 14. Give i(9).
4
Let r(j) = j + 8. What is r(-3)?
5
Let x(z) = -6*z + 26. What is x(5)?
-4
Let n(u) = u**2 + 5*u - 25. What is n(-13)?
79
Let b(m) = -m**3 + 19*m**2 - m + 21. Calculate b(19).
2
Let y(a) = -a - 6. What is y(4)?
-10
Let j(d) = 6*d - 35. Determine j(6).
1
Let o(h) = -3*h**3 + 3*h**2 - 6*h + 2. Determine o(3).
-70
Let v(a) = -45*a - 50. What is v(-1)?
-5
Let h(j) = -j**3 - 19*j**2 + 20*j + 7. Calculate h(-20).
7
Let o(u) = -20*u + 26. What is o(1)?
6
Let r(o) = -o**2 - 5*o + 4. Calculate r(-5).
4
Let q(n) = -4*n + 29. Determine q(5).
9
Let u(d) = -d - 1. Give u(-1).
0
Let b(j) = -2*j**2 + 13*j + 38. What is b(11)?
-61
Let x(l) = -l**3 + 22*l**2 + 27*l - 49. What is x(23)?
43
Let r(h) = -h**3 + 12*h**2 - h + 8. What is r(12)?
-4
Let n(f) = -13*f + 91. Give n(7).
0
Let j(v) = v**2 - 8*v + 14. What is j(10)?
34
Let p(c) = -44*c. Calculate p(-2).
88
Let v(l) = -l**2 + 23*l - 133. Give v(10).
-3
Let t(m) = 4*m - 26. Calculate t(5).
-6
Let p(c) = -c + 6. Give p(12).
-6
Let u(y) = 4*y + 36. Calculate u(-7).
8
Let l(c) = -c**3 - 21*c**2 - 27*c + 207. Calculate l(-1